{"id":82,"date":"2016-04-16T16:09:13","date_gmt":"2016-04-16T16:09:13","guid":{"rendered":"http:\/\/cnl2016.bm-ferreiradecastro.com\/?page_id=82"},"modified":"2016-04-23T14:10:58","modified_gmt":"2016-04-23T14:10:58","slug":"documentos","status":"publish","type":"page","link":"https:\/\/cnl2016.bm-ferreiradecastro.com\/?page_id=82","title":{"rendered":"Documentos"},"content":{"rendered":"<p><a href=\"http:\/\/cnl2016.bm-ferreiradecastro.com\/docs\/RegulamentoNacional_cnl_2015_2016.pdf\" target=\"_blank\">Regulamento Nacional CNL 2015\/2016<\/a><\/p>\n<p><a href=\"http:\/\/cnl2016.bm-ferreiradecastro.com\/docs\/adendacnl2015_2016.pdf\" target=\"_blank\">&gt;&gt;Adenda ao Regulamento Nacional CNL 2015\/2016<\/a><\/p>\n<p><a href=\"http:\/\/cnl2016.bm-ferreiradecastro.com\/docs\/cnl_inscrcoes_2015_2016.pdf\" target=\"_blank\">Lista de escolas inscritas<\/a><\/p>\n<p><a href=\"http:\/\/cnl2016.bm-ferreiradecastro.com\/docs\/cnl_2016_alunos_fase_escolas.pdf\" target=\"_blank\">Alunos apurados na 1\u00aa FASE | ESCOLAS<\/a><\/p>\n<p><a href=\"http:\/\/cnl2016.bm-ferreiradecastro.com\/docs\/cnl2016_datas_e_obras_site.pdf\" target=\"_blank\">Bibliotecas Municipais &#8211; 2\u00aa FASE | DISTRITAL &#8211; obras a ler<\/a><\/p>\n<p>&nbsp;<\/p>\n<p><a href=\"http:\/\/cnl2016.bm-ferreiradecastro.com\/docs\/XCNL_AVEIRO_NORMAS_BMFC.pdf\" target=\"_blank\">Normas de participa\u00e7\u00e3o &#8211; 2\u00aa FASE | DISTRITAL &#8211; Aveiro\/Oliveira de Azem\u00e9is<\/a><\/p>\n<p><a href=\"http:\/\/cnl2016.bm-ferreiradecastro.com\/docs\/XCNL_AVEIRO_PROGRAMA_BMFC.pdf\" target=\"_blank\">Programa\u00a0&#8211; 2\u00aa FASE | DISTRITAL &#8211; Aveiro\/Oliveira de Azem\u00e9is<\/a><\/p>\n<p><a href=\"http:\/\/cnl2016.bm-ferreiradecastro.com\/wp-content\/uploads\/2016\/04\/cnl2016-convite.pdf\" target=\"_blank\">2\u00aa Fase Distrital de Aveiro\/Oliveira de Azem\u00e9is do CNL 2015\/2016 &#8211; Convite<\/a><\/p>\n<p>&nbsp;<\/p>\n<p><a href=\"http:\/\/cnl2016.bm-ferreiradecastro.com\/docs\/DECLARACAO_CMOA_DistritalAVEIRO.pdf\" target=\"_blank\">Declara\u00e7\u00e3o de autoriza\u00e7\u00e3o de filmagens &#8211;\u00a0CMOA<\/a><\/p>\n<p><a href=\"http:\/\/cnl2016.bm-ferreiradecastro.com\/docs\/DECLARACAO_RTP_DistritalAVEIRO.pdf\" target=\"_blank\">Declara\u00e7\u00e3o de autoriza\u00e7\u00e3o de filmagens &#8211; RTP<\/a><\/p>\n<p>&nbsp;<\/p>\n<p>Excertos &#8211; Prova Oral\/Leitura Expressiva &#8211; 3\u00ba CICLO<\/p>\n<blockquote><p><a href=\"http:\/\/cnl2016.bm-ferreiradecastro.com\/docs\/LeituraExpressiva3Ciclo\/CNL_LEITURAEXRESSIVA_1_3CICLO.pdf\" target=\"_blank\">&gt;Excerto 1<\/a><\/p>\n<p><a href=\"http:\/\/cnl2016.bm-ferreiradecastro.com\/docs\/LeituraExpressiva3Ciclo\/CNL_LEITURAEXRESSIVA_2_3CICLO.pdf\" target=\"_blank\">&gt;Excerto 2<\/a><\/p>\n<p><a href=\"http:\/\/cnl2016.bm-ferreiradecastro.com\/docs\/LeituraExpressiva3Ciclo\/CNL_LEITURAEXRESSIVA_3_3CICLO.pdf\" target=\"_blank\">&gt;Excerto 3<\/a><\/p>\n<p><a href=\"http:\/\/cnl2016.bm-ferreiradecastro.com\/docs\/LeituraExpressiva3Ciclo\/CNL_LEITURAEXRESSIVA_4_3CICLO.pdf\" target=\"_blank\">&gt;Excerto 4<\/a><\/p>\n<p><a href=\"http:\/\/cnl2016.bm-ferreiradecastro.com\/docs\/LeituraExpressiva3Ciclo\/CNL_LEITURAEXRESSIVA_5_3CICLO.pdf\" target=\"_blank\">&gt;Excerto 5<\/a><\/p><\/blockquote>\n<p>Excertos &#8211; Prova Oral\/Leitura Expressiva &#8211;\u00a0SECUND\u00c1RIO<\/p>\n<blockquote><p><a href=\"http:\/\/cnl2016.bm-ferreiradecastro.com\/docs\/LeituraExpressivaES\/CNL_LEITURAEXRESSIVA_1_ES.pdf\" target=\"_blank\">&gt;Excerto 1<\/a><\/p>\n<p><a href=\"http:\/\/cnl2016.bm-ferreiradecastro.com\/docs\/LeituraExpressivaES\/CNL_LEITURAEXRESSIVA_2_ES.pdf\" target=\"_blank\">&gt;Excerto 2<\/a><\/p>\n<p><a href=\"http:\/\/cnl2016.bm-ferreiradecastro.com\/docs\/LeituraExpressivaES\/CNL_LEITURAEXRESSIVA_3_ES.pdf\" target=\"_blank\">&gt;Excerto 3<\/a><\/p>\n<p><a href=\"http:\/\/cnl2016.bm-ferreiradecastro.com\/docs\/LeituraExpressivaES\/CNL_LEITURAEXRESSIVA_4_ES.pdf\" target=\"_blank\">&gt;Excerto 4<\/a><\/p>\n<p><a href=\"http:\/\/cnl2016.bm-ferreiradecastro.com\/docs\/LeituraExpressivaES\/CNL_LEITURAEXRESSIVA_5_ES.pdf\" target=\"_blank\">&gt;Excerto 5<\/a><\/p><\/blockquote>\n<p>&nbsp;<\/p>\n<p>&nbsp;<\/p>\n","protected":false},"excerpt":{"rendered":"<p>Regulamento Nacional CNL 2015\/2016 &gt;&gt;Adenda ao Regulamento Nacional CNL 2015\/2016 Lista de escolas inscritas Alunos apurados na 1\u00aa FASE | ESCOLAS Bibliotecas Municipais &#8211; 2\u00aa FASE | DISTRITAL &#8211; obras a ler &nbsp; Normas de participa\u00e7\u00e3o &#8211; 2\u00aa FASE | DISTRITAL &#8211; Aveiro\/Oliveira de Azem\u00e9is Programa\u00a0&#8211; 2\u00aa FASE | DISTRITAL &#8211; Aveiro\/Oliveira de Azem\u00e9is 2\u00aa [&hellip;]<\/p>\n","protected":false},"author":1,"featured_media":0,"parent":0,"menu_order":0,"comment_status":"closed","ping_status":"closed","template":"","meta":{"spay_email":""},"jetpack_sharing_enabled":true,"jetpack_shortlink":"https:\/\/wp.me\/P7irfX-1k","jetpack-related-posts":[],"_links":{"self":[{"href":"https:\/\/cnl2016.bm-ferreiradecastro.com\/index.php?rest_route=\/wp\/v2\/pages\/82"}],"collection":[{"href":"https:\/\/cnl2016.bm-ferreiradecastro.com\/index.php?rest_route=\/wp\/v2\/pages"}],"about":[{"href":"https:\/\/cnl2016.bm-ferreiradecastro.com\/index.php?rest_route=\/wp\/v2\/types\/page"}],"author":[{"embeddable":true,"href":"https:\/\/cnl2016.bm-ferreiradecastro.com\/index.php?rest_route=\/wp\/v2\/users\/1"}],"replies":[{"embeddable":true,"href":"https:\/\/cnl2016.bm-ferreiradecastro.com\/index.php?rest_route=%2Fwp%2Fv2%2Fcomments&post=82"}],"version-history":[{"count":7,"href":"https:\/\/cnl2016.bm-ferreiradecastro.com\/index.php?rest_route=\/wp\/v2\/pages\/82\/revisions"}],"predecessor-version":[{"id":183,"href":"https:\/\/cnl2016.bm-ferreiradecastro.com\/index.php?rest_route=\/wp\/v2\/pages\/82\/revisions\/183"}],"wp:attachment":[{"href":"https:\/\/cnl2016.bm-ferreiradecastro.com\/index.php?rest_route=%2Fwp%2Fv2%2Fmedia&parent=82"}],"curies":[{"name":"wp","href":"https:\/\/api.w.org\/{rel}","templated":true}]}}